{"id":4519,"date":"2018-07-20T07:58:22","date_gmt":"2018-07-20T07:58:22","guid":{"rendered":"https:\/\/www.ezycount.ch\/?page_id=4519"},"modified":"2020-07-02T09:20:55","modified_gmt":"2020-07-02T09:20:55","slug":"termin-mit-vivien-und-sein-team","status":"publish","type":"page","link":"https:\/\/www.ezycount.ch\/de\/termin-mit-vivien-und-sein-team\/","title":{"rendered":"Termin mit Vivien und sein Team"},"content":{"rendered":"<h1>Termin mit Vivien und sein Team<\/h1>\n<p>Folgt den Link f\u00fcr einen Termin mit Vivien und sein Team: <span style=\"color: rgb(245, 168, 28);\"><a href=\"https:\/\/app.hubspot.com\/meetings\/vivien\/skype\" target=\"_blank\" rel=\"nofollow noopener noreferrer\">https:\/\/app.hubspot.com\/meetings\/vivien\/skype<\/a><\/span><\/p>\n","protected":false},"excerpt":{"rendered":"<p>Termin mit Vivien und sein Team Folgt den Link f\u00fcr einen Termin mit Vivien und sein Team: https:\/\/app.hubspot.com\/meetings\/vivien\/skype<\/p>\n","protected":false},"author":2,"featured_media":0,"parent":0,"menu_order":0,"comment_status":"closed","ping_status":"closed","template":"","meta":{"footnotes":""},"class_list":["post-4519","page","type-page","status-publish","hentry","post-wrapper","thrv_wrapper"],"yoast_head":"<!-- This site is optimized with the Yoast SEO plugin v25.3 - https:\/\/yoast.com\/wordpress\/plugins\/seo\/ -->\n<title>Termin mit Vivien und sein Team - EZYcount<\/title>\n<meta name=\"description\" content=\"Vivien und sein Team stehen zur Verf\u00fcgung f\u00fcr alle Fragen \u00fcber Buchhaltung, Fakturierung, Steuer oder Verwaltung. Telefon oder Skype.\" \/>\n<meta name=\"robots\" content=\"index, follow, max-snippet:-1, max-image-preview:large, max-video-preview:-1\" \/>\n<link rel=\"canonical\" href=\"https:\/\/www.ezycount.ch\/de\/termin-mit-vivien-und-sein-team\/\" \/>\n<meta property=\"og:locale\" content=\"de_DE\" \/>\n<meta property=\"og:type\" content=\"article\" \/>\n<meta property=\"og:title\" content=\"Termin mit Vivien und sein Team - EZYcount\" \/>\n<meta property=\"og:description\" content=\"Vivien und sein Team stehen zur Verf\u00fcgung f\u00fcr alle Fragen \u00fcber Buchhaltung, Fakturierung, Steuer oder Verwaltung. Telefon oder Skype.\" \/>\n<meta property=\"og:url\" content=\"https:\/\/www.ezycount.ch\/de\/termin-mit-vivien-und-sein-team\/\" \/>\n<meta property=\"og:site_name\" content=\"EZYcount\" \/>\n<meta property=\"article:modified_time\" content=\"2020-07-02T09:20:55+00:00\" \/>\n<meta name=\"twitter:card\" content=\"summary_large_image\" \/>\n<script type=\"application\/ld+json\" class=\"yoast-schema-graph\">{\"@context\":\"https:\/\/schema.org\",\"@graph\":[{\"@type\":\"WebPage\",\"@id\":\"https:\/\/www.ezycount.ch\/de\/termin-mit-vivien-und-sein-team\/\",\"url\":\"https:\/\/www.ezycount.ch\/de\/termin-mit-vivien-und-sein-team\/\",\"name\":\"Termin mit Vivien und sein Team - EZYcount\",\"isPartOf\":{\"@id\":\"https:\/\/www.ezycount.ch\/fr\/#website\"},\"datePublished\":\"2018-07-20T07:58:22+00:00\",\"dateModified\":\"2020-07-02T09:20:55+00:00\",\"description\":\"Vivien und sein Team stehen zur Verf\u00fcgung f\u00fcr alle Fragen \u00fcber Buchhaltung, Fakturierung, Steuer oder Verwaltung. Telefon oder Skype.\",\"breadcrumb\":{\"@id\":\"https:\/\/www.ezycount.ch\/de\/termin-mit-vivien-und-sein-team\/#breadcrumb\"},\"inLanguage\":\"de\",\"potentialAction\":[{\"@type\":\"ReadAction\",\"target\":[\"https:\/\/www.ezycount.ch\/de\/termin-mit-vivien-und-sein-team\/\"]}]},{\"@type\":\"BreadcrumbList\",\"@id\":\"https:\/\/www.ezycount.ch\/de\/termin-mit-vivien-und-sein-team\/#breadcrumb\",\"itemListElement\":[{\"@type\":\"ListItem\",\"position\":1,\"name\":\"Home\",\"item\":\"https:\/\/www.ezycount.ch\/de\/\"},{\"@type\":\"ListItem\",\"position\":2,\"name\":\"Termin mit Vivien und sein Team\"}]},{\"@type\":\"WebSite\",\"@id\":\"https:\/\/www.ezycount.ch\/fr\/#website\",\"url\":\"https:\/\/www.ezycount.ch\/fr\/\",\"name\":\"EZYcount\",\"description\":\"Simplifiez votre comptabilit\u00e9 et gagnez du temps\",\"potentialAction\":[{\"@type\":\"SearchAction\",\"target\":{\"@type\":\"EntryPoint\",\"urlTemplate\":\"https:\/\/www.ezycount.ch\/fr\/?s={search_term_string}\"},\"query-input\":{\"@type\":\"PropertyValueSpecification\",\"valueRequired\":true,\"valueName\":\"search_term_string\"}}],\"inLanguage\":\"de\"}]}<\/script>\n<!-- \/ Yoast SEO plugin. -->","yoast_head_json":{"title":"Termin mit Vivien und sein Team - EZYcount","description":"Vivien und sein Team stehen zur Verf\u00fcgung f\u00fcr alle Fragen \u00fcber Buchhaltung, Fakturierung, Steuer oder Verwaltung. Telefon oder Skype.","robots":{"index":"index","follow":"follow","max-snippet":"max-snippet:-1","max-image-preview":"max-image-preview:large","max-video-preview":"max-video-preview:-1"},"canonical":"https:\/\/www.ezycount.ch\/de\/termin-mit-vivien-und-sein-team\/","og_locale":"de_DE","og_type":"article","og_title":"Termin mit Vivien und sein Team - EZYcount","og_description":"Vivien und sein Team stehen zur Verf\u00fcgung f\u00fcr alle Fragen \u00fcber Buchhaltung, Fakturierung, Steuer oder Verwaltung. Telefon oder Skype.","og_url":"https:\/\/www.ezycount.ch\/de\/termin-mit-vivien-und-sein-team\/","og_site_name":"EZYcount","article_modified_time":"2020-07-02T09:20:55+00:00","twitter_card":"summary_large_image","schema":{"@context":"https:\/\/schema.org","@graph":[{"@type":"WebPage","@id":"https:\/\/www.ezycount.ch\/de\/termin-mit-vivien-und-sein-team\/","url":"https:\/\/www.ezycount.ch\/de\/termin-mit-vivien-und-sein-team\/","name":"Termin mit Vivien und sein Team - EZYcount","isPartOf":{"@id":"https:\/\/www.ezycount.ch\/fr\/#website"},"datePublished":"2018-07-20T07:58:22+00:00","dateModified":"2020-07-02T09:20:55+00:00","description":"Vivien und sein Team stehen zur Verf\u00fcgung f\u00fcr alle Fragen \u00fcber Buchhaltung, Fakturierung, Steuer oder Verwaltung. Telefon oder Skype.","breadcrumb":{"@id":"https:\/\/www.ezycount.ch\/de\/termin-mit-vivien-und-sein-team\/#breadcrumb"},"inLanguage":"de","potentialAction":[{"@type":"ReadAction","target":["https:\/\/www.ezycount.ch\/de\/termin-mit-vivien-und-sein-team\/"]}]},{"@type":"BreadcrumbList","@id":"https:\/\/www.ezycount.ch\/de\/termin-mit-vivien-und-sein-team\/#breadcrumb","itemListElement":[{"@type":"ListItem","position":1,"name":"Home","item":"https:\/\/www.ezycount.ch\/de\/"},{"@type":"ListItem","position":2,"name":"Termin mit Vivien und sein Team"}]},{"@type":"WebSite","@id":"https:\/\/www.ezycount.ch\/fr\/#website","url":"https:\/\/www.ezycount.ch\/fr\/","name":"EZYcount","description":"Simplifiez votre comptabilit\u00e9 et gagnez du temps","potentialAction":[{"@type":"SearchAction","target":{"@type":"EntryPoint","urlTemplate":"https:\/\/www.ezycount.ch\/fr\/?s={search_term_string}"},"query-input":{"@type":"PropertyValueSpecification","valueRequired":true,"valueName":"search_term_string"}}],"inLanguage":"de"}]}},"_links":{"self":[{"href":"https:\/\/www.ezycount.ch\/de\/wp-json\/wp\/v2\/pages\/4519","targetHints":{"allow":["GET"]}}],"collection":[{"href":"https:\/\/www.ezycount.ch\/de\/wp-json\/wp\/v2\/pages"}],"about":[{"href":"https:\/\/www.ezycount.ch\/de\/wp-json\/wp\/v2\/types\/page"}],"author":[{"embeddable":true,"href":"https:\/\/www.ezycount.ch\/de\/wp-json\/wp\/v2\/users\/2"}],"replies":[{"embeddable":true,"href":"https:\/\/www.ezycount.ch\/de\/wp-json\/wp\/v2\/comments?post=4519"}],"version-history":[{"count":1,"href":"https:\/\/www.ezycount.ch\/de\/wp-json\/wp\/v2\/pages\/4519\/revisions"}],"predecessor-version":[{"id":8373,"href":"https:\/\/www.ezycount.ch\/de\/wp-json\/wp\/v2\/pages\/4519\/revisions\/8373"}],"wp:attachment":[{"href":"https:\/\/www.ezycount.ch\/de\/wp-json\/wp\/v2\/media?parent=4519"}],"curies":[{"name":"wp","href":"https:\/\/api.w.org\/{rel}","templated":true}]}}

<h1>Termin mit Vivien und sein Team</h1>
<p>Folgt den Link für einen Termin mit Vivien und sein Team: <span style="color: rgb(245, 168, 28);"><a href="https://app.hubspot.com/meetings/vivien/skype" target="_blank" rel="nofollow noopener noreferrer">https://app.hubspot.com/meetings/vivien/skype</a></span></p>

<p>Termin mit Vivien und sein Team Folgt den Link für einen Termin mit Vivien und sein Team: https://app.hubspot.com/meetings/vivien/skype</p>

<!-- This site is optimized with the Yoast SEO plugin v25.3 - https://yoast.com/wordpress/plugins/seo/ -->
<title>Termin mit Vivien und sein Team - EZYcount</title>
<meta name="description" content="Vivien und sein Team stehen zur Verfügung für alle Fragen über Buchhaltung, Fakturierung, Steuer oder Verwaltung. Telefon oder Skype." />
<meta name="robots" content="index, follow, max-snippet:-1, max-image-preview:large, max-video-preview:-1" />
<link rel="canonical" href="https://www.ezycount.ch/de/termin-mit-vivien-und-sein-team/" />
<meta property="og:locale" content="de_DE" />
<meta property="og:type" content="article" />
<meta property="og:title" content="Termin mit Vivien und sein Team - EZYcount" />
<meta property="og:description" content="Vivien und sein Team stehen zur Verfügung für alle Fragen über Buchhaltung, Fakturierung, Steuer oder Verwaltung. Telefon oder Skype." />
<meta property="og:url" content="https://www.ezycount.ch/de/termin-mit-vivien-und-sein-team/" />
<meta property="og:site_name" content="EZYcount" />
<meta property="article:modified_time" content="2020-07-02T09:20:55+00:00" />
<meta name="twitter:card" content="summary_large_image" />
<script type="application/ld+json" class="yoast-schema-graph">{"@context":"https://schema.org","@graph":[{"@type":"WebPage","@id":"https://www.ezycount.ch/de/termin-mit-vivien-und-sein-team/","url":"https://www.ezycount.ch/de/termin-mit-vivien-und-sein-team/","name":"Termin mit Vivien und sein Team - EZYcount","isPartOf":{"@id":"https://www.ezycount.ch/fr/#website"},"datePublished":"2018-07-20T07:58:22+00:00","dateModified":"2020-07-02T09:20:55+00:00","description":"Vivien und sein Team stehen zur Verfügung für alle Fragen über Buchhaltung, Fakturierung, Steuer oder Verwaltung. Telefon oder Skype.","breadcrumb":{"@id":"https://www.ezycount.ch/de/termin-mit-vivien-und-sein-team/#breadcrumb"},"inLanguage":"de","potentialAction":[{"@type":"ReadAction","target":["https://www.ezycount.ch/de/termin-mit-vivien-und-sein-team/"]}]},{"@type":"BreadcrumbList","@id":"https://www.ezycount.ch/de/termin-mit-vivien-und-sein-team/#breadcrumb","itemListElement":[{"@type":"ListItem","position":1,"name":"Home","item":"https://www.ezycount.ch/de/"},{"@type":"ListItem","position":2,"name":"Termin mit Vivien und sein Team"}]},{"@type":"WebSite","@id":"https://www.ezycount.ch/fr/#website","url":"https://www.ezycount.ch/fr/","name":"EZYcount","description":"Simplifiez votre comptabilité et gagnez du temps","potentialAction":[{"@type":"SearchAction","target":{"@type":"EntryPoint","urlTemplate":"https://www.ezycount.ch/fr/?s={search_term_string}"},"query-input":{"@type":"PropertyValueSpecification","valueRequired":true,"valueName":"search_term_string"}}],"inLanguage":"de"}]}</script>
<!-- / Yoast SEO plugin. -->

Vivien und sein Team stehen zur Verfügung für alle Fragen über Buchhaltung, Fakturierung, Steuer oder Verwaltung. Telefon oder Skype.

Simplifiez votre comptabilité et gagnez du temps
